5 + 1) - (13 + -22)?
10
Evaluate 9 - (12 - (7 + -4)).
0
Calculate -2 - -2 - 3 - (2 + -2).
-3
Evaluate 9 + (-9 - (4 - 5) - -4).
5
Calculate -3 + 0 + 4 + 0 + 4.
5
Calculate -5 + (-4 - -3) + (-3 - -1).
-8
-2 + 1 - (2 - (3 - 4))
-4
Calculate 5 + 0 + -7 - 1.
-3
Evaluate 2 - (7 + -1 + -3).
-1
What is the value of 1 - (0 - -1 - 0)?
0
Calculate (18 - 21) + 0 + -4 + -1.
-8
Calculate (1 + -2 - -3) + (-14 - -15).
3
What is the value of 4 + 8 + -6 - (1 + 3)?
2
Evaluate -5 + 6 + -4 + 3.
0
(1 - 5) + (4 - (14 + -9))
-5
What is 0 + 1 - 2 - 2?
-3
Calculate 5 + (10 - 5 - 0) - 8.
2
Calculate (-6 - 1) + (-10 - -11).
-6
Evaluate -3 + 11 + -4 - (-1 + 7).
-2
(-11 - -10) + (-4 - 0)
-5
Evaluate -6 + (-4 - -19) + -7.
2
1 + -8 - (11 + -1 - 22)
5
Calculate 1 + 0 - -1 - (14 - 17).
5
Calculate (-1 - -1) + (-24 - -27) - 4.
-1
0 + 5 + 0 + -4
1
What is 4 - (-4 - -3 - -2)?
3
Evaluate 6 + -1 + (-9 - -8).
4
Evaluate 1 - 4 - (5 - (9 + -5)).
-4
4 - (-3 - (-3 + (5 - 5)))
4
What is the value of 6 - (-1 + 1 + 3)?
3
Evaluate -1 + 3 - (7 - -4 - 4).
-5
What is the value of 2 - (-5 + (-1 - -5 - -3))?
0
Calculate 1 + -9 + 10 + -10.
-8
What is the value of (2 + -5 - 5) + 5?
-3
Evaluate (-4 + -1 - -8) + 5.
8
Calculate 5 + -5 + 3 - -2.
5
Evaluate -8 - (-4 + (7 - 9)).
-2
Calculate (3 - (10 - (4 - -1))) + -3.
-5
What is the value of (-2 - 6) + 17 + -2?
7
What is (-7 - -2) + -73 + 71?
-7
What is 2 - (1 - -3) - 6?
-8
Evaluate (-2 - -4) + 1 + -1.
2
What is the value of -1 + 2 - (4 + (7 - 9))?
-1
What is -3 + 2 - -3 - (-3 + 4)?
1
What is the value of -2 + 3 + (-2 - -5)?
4
Evaluate -1 + (8 - 4) + (11 - 17).
-3
3 + -2 + 3 - 5
-1
Evaluate 8 - (6 - 10) - 6.
6
3 - (4 + 1) - (-22 + 14)
6
What is -1 + 0 + (-9 - -14 - 4)?
0
What is the value of -1 - (-19 - -13 - (-4 - 0))?
1
What is the value of -14 + 17 + (2 - 3)?
2
Calculate (4 - -2) + 1 + -23 + 6.
-10
What is -1 - 0 - (3 - -2 - 6)?
0
What is the value of 0 + (7 + -3 - 6)?
-2
What is 7 - (-11 - -4 - -4 - -1)?
9
What is (1 - 2 - -1) + (-9 - -5)?
-4
What is the value of -6 - -2 - (3 - 1)?
-6
Calculate -6 + (0 + 1 - -2).
-3
What is 6 - (0 + 5 + 7)?
-6
Calculate 4 + -1 + -8 - 0.
-5
What is 6 - (7 + -3 - 2)?
4
Calculate -3 - (-6 + (-2 - 0)).
5
What is the value of (5 - (-1 + -7)) + -8?
5
What is -4 + 3 + -1 + 2 + 2?
2
What is the value of (7 - (13 + 4)) + 15?
5
What is the value of 4 - ((6 - 1) + -7) - 3?
3
-1 + (7 - (1 + 9))
-4
What is the value of 10 + -4 + -6 + -4?
-4
What is -4 - (-7 - (3 + -8))?
-2
What is the value of 2 + (-6 - -8) - 5?
-1
What is -5 - -2 - -3 - -1 - -2?
3
-11 - (-6 - (1 - 1))
-5
What is the value of 0 + -3 - (-4 + (-8 - -5))?
4
Evaluate (1 - -3) + -2 + 1 + -4.
-1
What is the value of 10 + 7 + -8 + -4?
5
Calculate -3 + (-3 - 0) + 3.
-3
Evaluate 4 + -3 + 2 + -4.
-1
Calculate 6 + (13 - 24) + 12.
7
Evaluate 2 + -1 - -4 - 6.
-1
What is 10 - ((-1 - -23) + -8)?
-4
What is the value of -5 - (-6 + 8 + -4) - -5?
2
What is 4 + 0 + -2 + -188 + 196?
10
(-6 - (-2 + 2)) + 10
4
Calculate -14 + 14 - (-3 + -2).
5
What is the value of 1 + 0 + 5 + (-5 - -3)?
4
Evaluate 15 + 4 + -2 + -9 - 19.
-11
What is 0 + -3 + -1 - (-52 + 46)?
2
What is (7 - (-6 - -14)) + -4 + 0?
-5
Evaluate (6 - (1 + -1)) + -1.
5
Calculate -4 - (-1 - (3 + -5)).
-5
(-5 - (-4 + 3)) + 5
1
7 + 7 + (3 - 13)
4
What is the value of 1 + 0 + 3 + -119 + 120?
5
What is (-8 - (2 + -6 + 1)) + 4?
-1
What is 2 + (2 - 1) + 2 + -2?
3
-4 + 0 + (0 - -5)
1
Calculate 8 + -18 - (-8 + 1).
-3
(-12 - -5) + -3 + (-7 - -15)
-2
(5 - 12) + 0 + 7
0
What is (0 - 5 - (14 - 16)) + 1?
-2
What is -2 + (-3 - -2 - -5) + -5?
-3
Evaluate -2 + 1 - (-9 - (-11 - 2)).
-5
What is the value of -2 + (6 - 3) + 4?
5
(3 - -9) + -11 + (-9 - -1)
-7
What is the value of -6 - (13 + -3) - -8?
-8
What is 3 - (2 - -4) - 0?
-3
Evaluate 0 + 1 - (1 - 0 - 4).
4
What is 1 - (7 - (5 - 2))?
-3
4 - (8 - (6 + (4 - 6)))
0
Calculate 7 - (0 + (8 - (10 + -4))).
5
0 - 5 - (-11 + 6 - 5)
5
Evaluate 11 - (8 - (-2 - -6)).
7
Evaluate -7 + 1 + 2 + 0 + 1.
-3
(-12 + 22 - 7) + -10
-7
What is 3 + (4 + (-7 - -3) - 0)?
3
Evaluate 7 + (-2 - 11) - -12.
6
Evaluate -11 + (7 - 1) - 0.
-5
Calculate 25 + -4 + -7 - (2 - -3).
9
What is the value of -2 - (-5 - (-5 + 3))?
1
Calculate 11 - (-2 + (-10 - -15)).
8
What is the value of (2 - (1 - 4)) + 0 + -6?
-1
Evaluate -7 + 7 + 3 + 2 + -1.
4
Evaluate 0 - 15 - (-234 + 224).
-5
-4 + (-2 + 9 - (11 - 11))
3
Evaluate 0 - 0 - (9 - 2).
-7
What is (-13 - -10) + -2 + 6?
1
What is -11 + 3 + (11 - 4)?
-1
What is the value of -1 + (-2 + 7 - 6) - 0?
-2
What is the value of 2 + 4 + -3 + -1?
2
What is 5 + -12 + 7 - -2?
2
What is -4 - (-7 - 0) - (0 - -2)?
1
Calculate (2 + 3 - 5) + -3 + 4.
1
6 + -3 + (6 - 5 - 5)
-1
What is 3 + -3 + (2 - (-2 - 0))?
4
(-17 - -2) + 13 + -4
-6
What is the value of -5 - -14 - (6 - 1)?
4
What is -7 + (-1 - (3 - (3 - -5)))?
-3
What is -2 - 0 - (2 + -6)?
2
What is the value of -8 - -5 - ((1 - -2) + -1)?
-5
What is the value of -4 - (-1 + 4 + -2 - 0)?
-5
Calculate (-2 + 7 - -1) + 2 + -5.
3
Evaluate (2 - (-6 - (0 - 7))) + -6.
-5
Calculate 0 + (-3 - (2 - 4)) + 2.
1
What is the value of 4 + 5 - 1 - 3?
5
(1 - 4 - 3) + (2 - -1)
-3
What is the value of 52 + -54 + 0 + 7?
5
Evaluate 4 + (0 - (-2 + (0 - -3))).
3
Evaluate 0 - (4 - 1) - (1 - 5).
1
What is 4 - -1 - 9 - -2?
-2
What is the value of -8 - (8 + (-9 - 0))?
-7
What is the value of (3 - (0 + 0)) + -2 - 1?
0
Evaluate (5 - (1 - 4)) + -5.
3
Evaluate 11 - (8 + -2 - -2).
3
What is (3 - 3) + -1 - (0 - -1)?
-2
What is the value of 9 + (10 - 16) + (-2 - -1)?
2
What is -4 + 8 + -4 - -3?
3
(-2 - (3 + -4)) + 5 + -1
3
What is 0 - 3 - (3 + 0 + -9)?
3
What is the value of (1 - 2 - (9 - 7)) + 1?
-2
5 + -2 - (5 - 1)
-1
What is the value of -4 + (1 - -3 - 0)?
0
What is the value of (-2 - -1 - 1) + (-12 - -10)?
-4
What is the value of 6 + (2 + 3 + -9 - 0)?
2
Calculate 4 + (-6 - -5) + 0.
3
Evaluate (2 - (13 - 4)) + 3.
-4
Evaluate 10 - (1 + -5 + 10).
4
What is the value of 3 - ((3 - 1) + (5 - 0))?
-4
Calculate -6 + -1 - (-5 - 3).
1
Calculate 1 + 3 + -3 - 4.
-3
Evaluate 2 - (6 + -2 + -5).
3
What is (-5 - -5) + (-8 - (-1 + 2))?
-9
What is -5 + 3 + -1 + -2?
-5
Calculate -2 - 0 - (22 + -1 + -18).
-5
Calculate (2 - (3 + -4)) + (-4 - -5).
4
What is (1 - 7) + (9 - 3) + 2?
2
Calculate (-4 + -4 - 5) + 8.
-5
1 + (-4 - (-7 - -3))
1
What is 9 + (1 - (5 + 0))?
5
What is -4 + (2 - (1 + -1))?
-2
Evaluate (-2 - (-9 + 5) - 2) + 5.
5
Calculate -3 - (-10 - (-1 + 1)) - 5.
2
(-14 - -9) + (8 - -1)
4
Evaluate (-8 - -5) + (8 - 4).
1
Evaluate (3 - 1) + -12 + 12 + 3.
5
What is 3 + (-4 - (5 + -5)) + 0?
-1
3 + (1 - (-2 - (-5 + 1)))
2
What is the value of -2 - -3 - 1 - (4 - 1)?
-3
Calculate 2 + (-1 - -2) + -5 + -2.
-4
What is the value of 2 + 5 + (-9 - 2) + 6?
2
What is the value of -11 + 5 - -2 - 0?
-4
What is (5 - 8) + -2 + -5 + 4?
-6
What is (-2 + -1 - -4) + 4?
5
Calculate -8 + 7 - (1 + 3).
-5
(9 - 0) + (-1 - (-5 - -9))
4
Evaluate -4 + -4 + -3 + 6.
-5
(-2 - (-2 + -1)) + -2 + 0
-1
Calculate -4 - (-6 - -6) - (-8 + 10).
-6
Evaluate -4 + 5 + -5 + -2 + 12.
6
What is (15 - 1) + -14 + 8 - 4?
4
Evaluate 1 - -5 - ((-1 - -21) + -7).
-7
What is the value of (8 - (24 + -6)) + 12?
2
What is the value of (-2 + 2 - 4) + 1 + 4?
1
Evaluate -6 + (8 - 15 - -21) - 18.
-10
7 + (-8 - -9) - (-1 - -4)
5
What is -23 + 10 - (0 - 9)?
-4
Calculate 1 + (0 + -3 - -2).
0
Evaluate (-6 - (-18 - 5)) + -15.
2
What is the value of 1 + -1 + 4 + 3 + -3?
4
What is the value of 4 - 1 - (21 - 16)?
-2
What is the value of -4 - (-4 + -8 + 16)?
-8
What is -2 - (-7 + 12 + -9 + 4)?
-2
Calculate (3 - 3 - (0 + 0)) + -4.
-4
(1 - 1 - -5) + 2 + -7
0
What is 1 + 5 + (-62 - -56)?
0
Evaluate -7 + (6 - 0) + 0.
-1
What is (0 + 2 - -1) + (1 - 0)?
4
What is -2 - (-2 + 8 + -3)?
-5
5 + -1 + -3 + 0 + -5
-4
Evaluate -12 - -1 - (2 + (7 - 11)).
-9
Evaluate (19 - (2 - -14)) + 0 + -2.
1
What is the value of -49 - -56 - (4 + 1 + -1)?
3
What is (1 - (-5 - -10)) + 10?
6
6 - (2 - (-5 - -4))
3
Evaluate -1 + (-9 - (-3 + (1 - 5))).
-3
What is 6 + -11 + 10 - 2?
3
19 + -12 + -2 + (-3 - -2)
4
What is the value of (-22 - -29) + (0 - 2)?
5
Evaluate 11 - 19 - 3 - -8.
-3
8 + -4 + -14 + 4
-6
Calculate 0 + 0 - (25 + -23).
-2
What is the value of (11 - 12) + (1 - -2) - 8?
-6
What is 5 + (3 + -2 - 1)?
5
What is (2 - 6) + -3 + 16 + -7?
2
Calculate 0 - ((-5 - 2) + 10).
-3
Evaluate 96 - 106 - (-7 - 